 digit of 60984936?
9
What is the millions digit of 1643190639?
3
What is the millions digit of 13266355?
3
What is the ten millions digit of 436001859?
3
What is the tens digit of 4418727743?
4
What is the ten millions digit of 1384995322?
8
What is the billions digit of 1114849528?
1
What is the hundreds digit of 100547637?
6
What is the tens digit of 66667213?
1
What is the units digit of 30614170?
0
What is the units digit of 430205204?
4
What is the tens digit of 5018424836?
3
What is the millions digit of 18382915?
8
What is the tens digit of 901578482?
8
What is the ten thousands digit of 271084430?
8
What is the billions digit of 2039702157?
2
What is the ten millions digit of 866181813?
6
What is the hundred millions digit of 1076866050?
0
What is the hundred millions digit of 696591931?
6
What is the millions digit of 2789598558?
9
What is the ten millions digit of 39366317?
3
What is the ten thousands digit of 49794685?
9
What is the ten millions digit of 5865679942?
6
What is the tens digit of 2423042827?
2
What is the ten millions digit of 30409796?
3
What is the ten millions digit of 23269708?
2
What is the thousands digit of 4780568197?
8
What is the millions digit of 1176422988?
6
What is the hundred thousands digit of 3738334736?
3
What is the hundreds digit of 536081077?
0
What is the tens digit of 53159887?
8
What is the hundreds digit of 41361327?
3
What is the ten millions digit of 509477366?
0
What is the millions digit of 2851405765?
1
What is the ten thousands digit of 5140322?
4
What is the millions digit of 696246280?
6
What is the tens digit of 49286115?
1
What is the units digit of 6473373417?
7
What is the hundred millions digit of 151335246?
1
What is the hundred thousands digit of 148995812?
9
What is the units digit of 86392470?
0
What is the ten thousands digit of 124055482?
5
What is the ten millions digit of 3307960757?
0
What is the units digit of 8090487787?
7
What is the tens digit of 5481336596?
9
What is the thousands digit of 1364278370?
8
What is the millions digit of 180494312?
0
What is the ten thousands digit of 1018891427?
9
What is the ten millions digit of 438511963?
3
What is the hundred millions digit of 285942314?
2
What is the units digit of 4391011007?
7
What is the hundred thousands digit of 225797490?
7
What is the units digit of 2548645266?
6
What is the thousands digit of 434690295?
0
What is the units digit of 639300092?
2
What is the billions digit of 3483998907?
3
What is the hundred millions digit of 406083767?
4
What is the ten millions digit of 825065819?
2
What is the hundred thousands digit of 253512391?
5
What is the units digit of 996538188?
8
What is the ten millions digit of 1530878268?
3
What is the ten millions digit of 834616622?
3
What is the thousands digit of 402124715?
4
What is the ten thousands digit of 1112772273?
7
What is the thousands digit of 19652423?
2
What is the hundred thousands digit of 47755789?
7
What is the hundred thousands digit of 846837594?
8
What is the units digit of 807465573?
3
What is the tens digit of 102114718?
1
What is the ten millions digit of 51568778?
5
What is the hundred millions digit of 1651765436?
6
What is the ten thousands digit of 1478986259?
8
What is the hundred millions digit of 1546324029?
5
What is the hundred thousands digit of 16628869?
6
What is the ten thousands digit of 9344104?
4
What is the hundreds digit of 349534895?
8
What is the hundred millions digit of 632569037?
6
What is the hundreds digit of 1043401889?
8
What is the tens digit of 44621430?
3
What is the units digit of 64659679?
9
What is the thousands digit of 122813300?
3
What is the tens digit of 814263834?
3
What is the thousands digit of 55750129?
0
What is the tens digit of 246703591?
9
What is the hundred thousands digit of 32646376?
6
What is the thousands digit of 8242591?
2
What is the billions digit of 2184272538?
2
What is the hundred millions digit of 109154434?
1
What is the millions digit of 178468776?
8
What is the ten thousands digit of 1916978964?
7
What is the thousands digit of 1495193116?
3
What is the ten thousands digit of 442357374?
5
What is the units digit of 52052702?
2
What is the units digit of 169730522?
2
What is the billions digit of 2492822561?
2
What is the units digit of 167413999?
9
What is the hundred thousands digit of 13254429?
2
What is the hundreds digit of 472479113?
1
What is the thousands digit of 69399073?
9
What is the millions digit of 706399042?
6
What is the ten millions digit of 73613487?
7
What is the hundreds digit of 338566448?
4
What is the hundred millions digit of 3594883620?
5
What is the ten thousands digit of 50393385?
9
What is the hundred millions digit of 465197448?
4
What is the tens digit of 4518140713?
1
What is the hundreds digit of 48307837?
8
What is the thousands digit of 1032938044?
8
What is the hundred millions digit of 6704223473?
7
What is the units digit of 85192177?
7
What is the hundred thousands digit of 494747461?
7
What is the millions digit of 1012426305?
2
What is the ten millions digit of 1078464404?
7
What is the billions digit of 2396243056?
2
What is the hundred millions digit of 339041076?
3
What is the thousands digit of 27905776?
5
What is the hundreds digit of 23692219?
2
What is the ten millions digit of 19285356?
1
What is the units digit of 19276734?
4
What is the hundreds digit of 410360756?
7
What is the millions digit of 18535666?
8
What is the ten thousands digit of 37467219?
6
What is the hundreds digit of 4054724126?
1
What is the ten millions digit of 26954698?
2
What is the ten millions digit of 359759111?
5
What is the tens digit of 12068234?
3
What is the units digit of 331054297?
7
What is the units digit of 48392357?
7
What is the units digit of 1190215711?
1
What is the tens digit of 54825066?
6
What is the ten millions digit of 62253647?
6
What is the units digit of 57304707?
7
What is the hundreds digit of 473748649?
6
What is the units digit of 319605526?
6
What is the hundred millions digit of 254531971?
2
What is the units digit of 1728166645?
5
What is the hundred millions digit of 1470205691?
4
What is the tens digit of 30637657?
5
What is the ten millions digit of 457155719?
5
What is the millions digit of 10931760?
0
What is the hundreds digit of 215366039?
0
What is the thousands digit of 49605431?
5
What is the millions digit of 99866503?
9
What is the millions digit of 11986006?
1
What is the millions digit of 140083322?
0
What is the tens digit of 839523227?
2
What is the hundred thousands digit of 928263596?
2
What is the tens digit of 673799060?
6
What is the units digit of 18462190?
0
What is the ten thousands digit of 74996052?
9
What is the units digit of 713975165?
5
What is the millions digit of 417139452?
7
What is the thousands digit of 753887012?
7
What is the tens digit of 3582325361?
6
What is the millions digit of 3181455380?
1
What is the millions digit of 225114120?
5
What is the units digit of 3396536?
6
What is the billions digit of 5624004292?
5
What is the tens digit of 4978678200?
0
What is the thousands digit of 1035789384?
9
What is the thousands digit of 314437353?
7
What is the ten thousands digit of 217608715?
0
What is the millions digit of 14866339?
4
What is the ten millions digit of 345151236?
4
What is the thousands digit of 33319805?
9
What is the ten thousands digit of 85530656?
3
What is the hundreds digit of 2148398581?
5
What is the units digit of 23831899?
9
What is the tens digit of 4158157?
5
What is the hundred thousands digit of 215928763?
9
What is the units digit of 1114177875?
5
What is the millions digit of 3063381939?
3
What is the ten thousands digit of 794321783?
2
What is the millions digit of 268647788?
8
What is the hundred thousands digit of 448510298?
5
What is the hundred thousands digit of 14350617?
3
What is the units digit of 822471159?
9
What is the millions digit of 1208403051?
8
What is the hundreds digit of 224237117?
1
What is the tens digit of 85295481?
8
What is the hundreds digit of 2132439071?
0
What is the millions digit of 946799876?
6
What is the thousands digit of 35613062?
3
What is the ten millions digit of 947336737?
4
What is the ten thousands digit of 130332314?
3
